.
5, 7, 11251
List the prime factors of 17822040.
2, 3, 5, 148517
List the prime factors of 5565022.
2, 37, 157, 479
List the prime factors of 80616.
2, 3, 3359
What are the prime factors of 19310667?
3, 6436889
List the prime factors of 1530424.
2, 7, 27329
What are the prime factors of 917636?
2, 229409
What are the prime factors of 14070929?
937, 15017
List the prime factors of 1049654.
2, 524827
List the prime factors of 72148.
2, 17, 1061
List the prime factors of 199110.
2, 3, 5, 6637
List the prime factors of 85621.
85621
What are the prime factors of 1630289?
47, 34687
List the prime factors of 40588.
2, 73, 139
List the prime factors of 5604739.
7, 800677
What are the prime factors of 407421?
3, 7, 29, 223
List the prime factors of 1041650.
2, 5, 83, 251
List the prime factors of 1966775.
5, 151, 521
What are the prime factors of 766783?
19, 40357
What are the prime factors of 515101?
467, 1103
List the prime factors of 460961.
109, 4229
List the prime factors of 12200265.
3, 5, 7, 11, 503
What are the prime factors of 951867?
3, 7, 29, 521
What are the prime factors of 292436?
2, 29, 2521
What are the prime factors of 4424495?
5, 884899
What are the prime factors of 1487386?
2, 743693
What are the prime factors of 534866?
2, 267433
What are the prime factors of 13666288?
2, 31, 59, 467
What are the prime factors of 3381?
3, 7, 23
List the prime factors of 5736703.
7, 743, 1103
What are the prime factors of 5706193?
5706193
List the prime factors of 984601.
61, 16141
List the prime factors of 2333741.
23, 101467
What are the prime factors of 385921?
101, 3821
List the prime factors of 10214321.
13, 785717
What are the prime factors of 9730912?
2, 304091
List the prime factors of 367566.
2, 3, 61261
List the prime factors of 12624252.
2, 3, 37, 28433
What are the prime factors of 644005?
5, 19, 6779
List the prime factors of 3123014.
2, 739, 2113
What are the prime factors of 9107942?
2, 47, 96893
List the prime factors of 27533259.
3, 13, 139, 1693
What are the prime factors of 802549?
11, 72959
List the prime factors of 2062218.
2, 3, 41, 83, 101
List the prime factors of 669410.
2, 5, 7, 73, 131
List the prime factors of 485843.
17, 28579
List the prime factors of 2291805.
3, 5, 50929
What are the prime factors of 14849250?
2, 3, 5, 13, 1523
What are the prime factors of 161073?
3, 11, 1627
What are the prime factors of 15700927?
11, 23, 229, 271
List the prime factors of 340616.
2, 42577
What are the prime factors of 541245?
3, 5, 36083
What are the prime factors of 2156910?
2, 3, 5, 7, 10271
List the prime factors of 2142623.
7, 73, 599
What are the prime factors of 2487286?
2, 1243643
List the prime factors of 1149379.
7, 11, 23, 59
List the prime factors of 3253832.
2, 406729
List the prime factors of 5670314.
2, 13, 467
What are the prime factors of 26126898?
2, 3, 7, 88867
List the prime factors of 25296877.
41, 616997
What are the prime factors of 67289?
67289
List the prime factors of 645706.
2, 499, 647
What are the prime factors of 896428?
2, 13, 17239
List the prime factors of 1063563.
3, 19, 47, 397
List the prime factors of 580359.
3, 13, 23, 647
List the prime factors of 22901945.
5, 11, 416399
What are the prime factors of 1519428?
2, 3, 127, 997
List the prime factors of 1155746.
2, 577873
What are the prime factors of 27813?
3, 73, 127
List the prime factors of 1354734.
2, 3, 73, 1031
List the prime factors of 216058.
2, 59, 1831
List the prime factors of 4509899.
4509899
What are the prime factors of 478627?
478627
List the prime factors of 4688544.
2, 3, 7, 6977
List the prime factors of 8546139.
3, 7, 19379
List the prime factors of 6893299.
7, 984757
List the prime factors of 638299.
17, 37547
What are the prime factors of 8316086?
2, 47, 88469
List the prime factors of 89579.
7, 67, 191
List the prime factors of 1287879.
3, 151, 2843
List the prime factors of 2680533.
3, 3677
What are the prime factors of 1545545?
5, 309109
List the prime factors of 259635.
3, 5, 19, 911
What are the prime factors of 326860?
2, 5, 59, 277
What are the prime factors of 923821?
331, 2791
List the prime factors of 10298.
2, 19, 271
What are the prime factors of 4742859?
3, 11, 101, 1423
What are the prime factors of 6546746?
2, 179, 18287
List the prime factors of 3722455.
5, 11, 53, 1277
List the prime factors of 144339.
3, 13, 3701
List the prime factors of 18844624.
2, 137, 8597
List the prime factors of 5402458.
2, 137, 19717
List the prime factors of 1024003.
907, 1129
List the prime factors of 1350700.
2, 5, 13, 1039
List the prime factors of 8150034.
2, 3, 131, 10369
List the prime factors of 1464803.
101, 14503
What are the prime factors of 6218937?
3, 76777
What are the prime factors of 96128?
2, 751
List the prime factors of 4462832.
2, 11, 25357
What are the prime factors of 1839907?
1839907
List the prime factors of 3916565.
5, 19, 41227
What are the prime factors of 3117771?
3, 61, 631
What are the prime factors of 30016?
2, 7, 67
List the prime factors of 2304652.
2, 7, 53, 1553
What are the prime factors of 3332397?
3, 563, 1973
List the prime factors of 882729.
3, 98081
List the prime factors of 15853318.
2, 13, 609743
What are the prime factors of 200125?
5, 1601
What are the prime factors of 3914333?
29, 43, 73
What are the prime factors of 1239539?
7, 23, 7699
What are the prime factors of 17221441?
17221441
What are the prime factors of 2196620?
2, 5, 109831
List the prime factors of 246112.
2, 7691
What are the prime factors of 2301506?
2, 1049, 1097
What are the prime factors of 1334270?
2, 5, 7, 389
List the prime factors of 3068994.
2, 3, 19, 26921
List the prime factors of 7353958.
2, 97, 37907
What are the prime factors of 1559562?
2, 3, 29, 8963
What are the prime factors of 1254930?
2, 3, 5, 59, 709
List the prime factors of 271756.
2, 67939
What are the prime factors of 272964?
2, 3, 23, 43
What are the prime factors of 481925?
5, 37, 521
What are the prime factors of 1028556?
2, 3, 28571
List the prime factors of 2422952.
2, 7, 883
What are the prime factors of 14476980?
2, 3, 5, 7, 34469
List the prime factors of 3193759.
3193759
What are the prime factors of 266549?
266549
List the prime factors of 6863552.
2, 107243
List the prime factors of 163804.
2, 31, 1321
What are the prime factors of 10323?
3, 31, 37
What are the prime factors of 93376?
2, 1459
What are the prime factors of 9183?
3, 3061
What are the prime factors of 8940005?
5, 97, 18433
What are the prime factors of 12398572?
2, 1151, 2693
List the prime factors of 12018658.
2, 41, 103, 1423
List the prime factors of 6936927.
3, 89, 25981
What are the prime factors of 872571?
3, 7, 37, 1123
List the prime factors of 173133.
3, 19237
What are the prime factors of 866817?
3, 7, 13759
What are the prime factors of 231387?
3, 13, 17, 349
What are the prime factors of 128224?
2, 4007
List the prime factors of 3498589.
29, 120641
List the prime factors of 1189550.
2, 5, 37, 643
What are the prime factors of 657022?
2, 328511
What are the prime factors of 300646?
2, 150323
List the prime factors of 91904.
2, 359
List the prime factors of 1338264.
2, 3, 18587
What are the prime factors of 3421876?
2, 787, 1087
What are the prime factors of 14244088?
2, 269, 6619
What are the prime factors of 31995?
3, 5, 79
List the prime factors of 2206330.
2, 5, 7, 43, 733
What are the prime factors of 97885?
5, 19577
List the prime factors of 6931628.
2, 11, 263, 599
List the prime factors of 551887.
7, 1609
What are the prime factors of 28474?
2, 23, 619
What are the prime factors of 6336957?
3, 11, 192029
List the prime factors of 12852899.
12852899
List the prime factors of 1114257.
3, 41, 9059
What are the prime factors of 2752776?
2, 3, 13, 17, 173
List the prime factors of 367883.
367883
What are the prime factors of 12183483?
3, 13, 312397
List the prime factors of 555655.
5, 19, 5849
What are the prime factors of 797842?
2, 398921
What are the prime factors of 17272471?
23, 750977
List the prime factors of 519204.
2, 3, 7, 883
What are the prime factors of 562022?
2, 151, 1861
What are the prime factors of 858594?
2, 3, 11, 13009
List the prime factors of 11410336.
2, 7, 19, 383
List the prime factors of 565555.
5, 113111
What are the prime factors